.
-16
Let m(a) = -465*a - 334. Calculate m(-1).
131
Let x(v) = -363*v - 2323. What is x(-6)?
-145
Let h(g) = -15*g + 33. What is h(-22)?
363
Let s(v) = v**2 + 24*v + 3. Give s(-12).
-141
Let d(y) = -2*y**3 - 22*y**2 + 37*y - 149. Give d(-13).
46
Let u(h) = -23*h. What is u(6)?
-138
Let j(o) = -97*o + 4. Determine j(-2).
198
Let x(z) = -4*z**3 + 27*z**2 - 15*z - 7. What is x(6)?
11
Let k(c) = -1302*c + 84614. What is k(65)?
-16
Let j(p) = -38*p - 797. Give j(-21).
1
Let l(w) = -w**2 + 63*w - 1000. What is l(32)?
-8
Let x(r) = 2*r**3 + 27*r**2 + 79*r + 19. Determine x(-7).
103
Let t(i) = 227*i + 468. Determine t(-3).
-213
Let d(c) = -8*c**3 - 2*c**2 - 62*c - 124. Give d(-2).
56
Let j(a) = 477*a - 10961. Give j(23).
10
Let u(l) = -l**3 - 20*l**2 - 81*l + 18. Calculate u(-14).
-24
Let z(m) = 772*m + 4624. Give z(-6).
-8
Let a(j) = 2*j**2 + 15*j - 87. Determine a(4).
5
Let o(x) = -24*x - 167. What is o(0)?
-167
Let i(d) = -2*d**3 - d**2 + 8*d + 5. Calculate i(-2).
1
Let v(x) = -5*x**2 + 715*x + 7643. Calculate v(-10).
-7
Let p(f) = 2*f**3 - 83*f**2 + 53*f - 391. Give p(41).
101
Let q(m) = -4*m**2 + 287*m + 372. Calculate q(73).
7
Let y(x) = -206*x - 1032. Calculate y(-5).
-2
Let q(i) = i**3 + 8*i**2 - 25*i - 3. Give q(-11).
-91
Let o(w) = -w**3 + 2*w + 10. Calculate o(-4).
66
Let o(b) = 2*b**2 + 154*b + 723. Calculate o(-72).
3
Let i(w) = w**2 + 22*w - 11. What is i(-16)?
-107
Let v(i) = -4*i**3 - 8*i**2 - 3*i - 14. What is v(-4)?
126
Let m(v) = -7*v**3 + 74*v**2 - 88*v + 16. Calculate m(9).
115
Let t(n) = -2*n**2 - 12*n + 57. Give t(-14).
-167
Let i(f) = -391*f + 20. Give i(1).
-371
Let c(k) = 37*k + 286. Calculate c(-18).
-380
Let b(d) = 2*d**3 - 20*d**2 - 34*d + 145. Determine b(11).
13
Let o(m) = -m**3 - 23*m**2 - 4*m - 128. Determine o(-23).
-36
Let l(c) = 3*c**2 - 23*c + 10. Calculate l(12).
166
Let h(m) = -m**3 - 12*m**2 - 25*m - 41. Calculate h(-8).
-97
Let q(v) = v**3 - 3*v**2 - 76*v + 91. Calculate q(9).
-107
Let t(l) = 146*l + 2710. Determine t(-19).
-64
Let s(z) = 49*z**2 + z - 2. Determine s(1).
48
Let p(n) = -n**2 + 195*n + 1429. Determine p(-7).
15
Let q(z) = -z**3 + 33*z**2 + 105*z + 123. Give q(36).
15
Let o(p) = 47*p - 3457. Determine o(81).
350
Let y(p) = 29*p - 905. Calculate y(31).
-6
Let h(f) = -26*f**2 + 470*f - 41. What is h(18)?
-5
Let h(k) = k**3 - 189*k**2 - 26*k + 4984. Determine h(189).
70
Let r(w) = w**3 - 17*w**2 + 15*w - 39. Calculate r(16).
-55
Let l(o) = -11*o**2 - 1102*o - 1100. What is l(-1)?
-9
Let o(y) = 24*y**2. Calculate o(1).
24
Let z(d) = d**3 - 27*d**2 - 45*d + 1849. What is z(26)?
3
Let s(k) = -k**3 - 17*k + 65. Calculate s(4).
-67
Let d(n) = 1062*n + 7447. Determine d(-7).
13
Let u(x) = -5*x + 52. What is u(7)?
17
Let x(i) = -323*i + 318. Determine x(1).
-5
Let m(q) = 113*q + 6441. Determine m(-57).
0
Let b(x) = -11*x**3 - 11*x**2 - 12*x - 77. Determine b(-5).
1083
Let v(c) = 19*c + 755. Calculate v(-75).
-670
Let t(o) = 7*o + 31. Calculate t(-6).
-11
Let h(b) = -4*b**2 + 11*b - 76. Give h(8).
-244
Let r(w) = -267*w - 352. Determine r(-3).
449
Let u(w) = -2*w**3 - 17*w**2 + 14*w + 22. Calculate u(-9).
-23
Let v(k) = k**2 + 60*k - 538. Give v(-68).
6
Let n(i) = 168*i**2 - 336*i - 2. Determine n(2).
-2
Let k(y) = 4*y**2 - 59*y + 57. What is k(14)?
15
Let y(a) = 6*a**2 + 489*a + 161. Determine y(-81).
-82
Let y(i) = -i**3 - 39*i**2 - 115*i - 220. Give y(-36).
32
Let z(t) = -5*t**2 + 315*t - 313. Calculate z(62).
-3
Let m(i) = -2*i**3 - 50*i**2 - 48*i + 43. Give m(-24).
43
Let t(b) = -2*b**2 + 6*b + 24. What is t(13)?
-236
Let k(v) = -16*v - 578. Determine k(-34).
-34
Let v(x) = 233*x**2 - 23534*x + 84. Determine v(101).
-17
Let z(m) = -m**2 - 12*m + 99. Determine z(6).
-9
Let z(j) = 2*j**3 - 105*j**2 + 32*j + 1060. Give z(52).
20
Let a(s) = -49*s - 423. Give a(-9).
18
Let b(m) = 2*m**3 - 9*m**2 - 15*m + 68. Determine b(8).
396
Let n(a) = -3*a**2 - 235*a + 4758. Determine n(-95).
8
Let y(m) = m**2 + 21*m - 626. Calculate y(-38).
20
Let w(m) = m**2 - 28*m - 412. What is w(37)?
-79
Let d(l) = 5379*l - 16132. What is d(3)?
5
Let h(y) = 4*y**3 - 18*y**2 - 12*y + 10. Determine h(5).
0
Let f(g) = g**3 - 94*g**2 + g - 94. What is f(94)?
0
Let o(w) = w**3 + 4*w**2 - 29*w - 83. Give o(5).
-3
Let v(z) = -13*z**2 + 478*z + 127. Calculate v(37).
16
Let x(f) = 2*f**3 + 26*f**2 + 9*f - 99. Give x(-13).
-216
Let u(h) = -4*h**3 - 3*h**2 + 8*h - 17. Give u(2).
-45
Let o(y) = y**2 - 14*y - 459. Give o(-17).
68
Let j(p) = 696*p + 3485. What is j(-5)?
5
Let f(l) = 36*l**2 + 331*l - 16. Calculate f(-9).
-79
Let c(z) = -2*z**2 - 86*z + 423. Give c(5).
-57
Let a(g) = -17*g**2 + 103*g - 15. Give a(6).
-9
Let n(p) = 43*p**2 + 520*p + 54. What is n(-12)?
6
Let k(z) = 3*z**2 - 51*z + 35. Give k(16).
-13
Let w(f) = f**3 - 9*f**2 + 2*f - 233. Give w(11).
31
Let d(c) = 393*c - 3502. What is d(8)?
-358
Let f(s) = -s**3 + 38*s**2 - 6*s + 232. Give f(38).
4
Let y(i) = 13*i**2 + 21*i - 85. What is y(3)?
95
Let a(h) = 19*h**2 - 382*h + 52. Calculate a(20).
12
Let x(t) = -13*t**2 - 2000*t + 283. Give x(-154).
-25
Let i(o) = 496*o - 4406. What is i(9)?
58
Let p(d) = 6*d + 5. What is p(3)?
23
Let n(f) = -7*f**3 + 363*f**2 + 52*f - 9. Determine n(52).
-9
Let l(c) = 16*c + 436. Give l(-32).
-76
Let c(z) = -17*z**2 + 203*z + 24. Calculate c(12).
12
Let q(z) = -17573*z - 52737. Calculate q(-3).
-18
Let s(j) = j**3 + 92*j**2 + 1275*j + 19. Calculate s(-17).
19
Let x(f) = -172*f + 3782. Determine x(22).
-2
Let t(o) = -2*o**2 - 23*o - 95. What is t(-18)?
-329
Let u(i) = -2*i**2 + 87*i + 469. What is u(-6)?
-125
Let o(g) = -g**3 + 17*g**2 + 18*g - 136. Calculate o(16).
408
Let k(p) = 999*p + 2831. What is k(-3)?
-166
Let u(b) = -3*b**3 + 6*b**2 - 2*b - 38. Determine u(-3).
103
Let q(r) = 1854*r + 20358. Determine q(-11).
-36
Let s(b) = -32*b**3 - 833*b**2 - 28*b - 47. Give s(-26).
5
Let x(b) = b**2 - 39*b + 128. Determine x(18).
-250
Let d(u) = 58*u - 184. Give d(6).
164
Let c(b) = b**3 + 86*b**2 - 88*b - 91. Give c(-87).
-4
Let n(s) = 2*s**2 - 8*s - 92. Determine n(11).
62
Let h(j) = -27*j**2 + 7*j + 17. Determine h(-3).
-247
Let g(b) = -2*b**2 + 25*b - 80. What is g(16)?
-192
Let h(p) = 1492*p + 15128. Calculate h(-10).
208
Let v(z) = -z**3 - 70*z**2 - 937*z - 63. Determine v(-52).
-11
Let y(t) = 165*t - 3462. What is y(21)?
3
Let x(o) = -o**3 - 24*o**2 + 23*o - 79. Give x(-25).
-29
Let m(r) = 17*r - 164. Calculate m(9).
-11
Let p(z) = -z**3 + 17*z**2 - 23*z + 19. Calculate p(15).
124
Let w(g) = 8*g**2 - 71*g + 377. What is w(5)?
222
Let h(s) = -2*s**2 + 109*s - 1033. What is h(12)?
-13
Let x(l) = -1103*l - 4451. What is x(-4)?
-39
Let s(x) = 10*x**3 + 13*x**2 + 11*x + 41. What is s(-5)?
-939
Let y(i) = -3*i**2 - 152*i - 77. Calculate y(-49).
168
Let o(u) = -u**3 - 9*u**2 + 21*u + 42. What is o(-8)?
-190
Let l(d) = 2*d**2 + 11*d + 10. What is l(-6)?
16
Let o(p) = 96*p - 3713. Calculate o(38).
-65
Let v(c) = c**3 - 28*c**2 + 152*c + 3. Determine v(18).
-501
Let i(h) = -2*h**2 + 33*h - 62. Give i(7).
71
Let r(b) = b**3 - 82*b**2 - b - 37. Give r(82).
-119
Let t(y) = -79*y + 23. Calculate t(5).
-372
Let n(c) = 3*c**2 - 138*c + 112. What is n(45)?
-23
Let v(l) = -12*l**2 + 29*l - 97. Give v(4).
-173
Let w(c) = 4*c**3 + 191*c**2 + 7*c + 2604. What is w(-48)?
-36
Let f(z) = z**3 - 6*z + 7. Calculate f(-7).
-294
Let g(x) = -9*x**2 + 114*x + 32. Calculate g(13).
-7
Let i(s) = -5*s**3 + 65*s**2 - 124*s - 2. Give i(2).
-30
Let k(p) = 1665*p - 48257. Calculate k(29).
28
Let o(b) = -b**2 - 186*b - 737. What is o(-4)?
-9
Let n(a) = -a**3 + 66*a**2 + 135*a + 116. Calculate n(68).
48
Let o(t) = -187*t**2 - 760*t - 1. What is o(-4)?
47
Let u(g) = 8*g**2 - 849*g + 841. What is u(1)?
0
Let k(p) = -1537*p**2 + 7681*p - 3. Give k(5).
-23
Let v(h) = h**3 + 77*h**2 + 217*h - 377. What is v(-74)?
-7
Let v(k) = 55*k - 11. Calculate v(2).
99
Let a(z) = -420*z - 15975. Determine a(-38).
-15
Let o(c) = 3*c**3 - 29*c**2 + 58*c - 360. What is o(9)?
0
Let m(l) = 40*l**2 + 121*l + 11. What is m(-3)?
8
Let w(p) = p**3 + 19*p**2 + 56*p + 3. What is w(-8)?
259
Let i(x) = x**2 - 120*x + 565. Determine i(5).
-10
Let t(w) = 5*w**2 + 56*w + 63. Determine t(-9).
-36
Let z(p) = -7*p**3 + 2*p**2 - 15*p + 14. Determine z(1).
-6
Let r(i) = 11*i**3 + 5*i**2 + 5*i + 4. Give r(-1).
-7
Let j(